ose 42*r - 4*r = -1862. Let l be -2*r/14 + 6. What is the highest common factor of l and 39?
13
Let h(u) = 39*u - 611. Let c be h(55). What is the greatest common factor of 118 and c?
118
Let y = -67 + 142. Let x(l) = l**3 + l**2 - l + 2. Let a be x(0). Suppose a*p = -p + y. What is the greatest common factor of p and 200?
25
Suppose -10*t + 10253 = -6577. Suppose -9*n + 963 = -t. Calculate the greatest common divisor of 14 and n.
14
Let i(r) = r**3 + 12*r**2 - 14*r - 6. Let v be i(-13). Let d = 97 - v. Suppose -2*a + 4*a - 36 = 0. What is the highest common factor of d and a?
18
Let b(n) = -n**3 + 12*n**2 + 13*n + 27. Let h be b(13). Suppose -h - 23 = -10*p. What is the highest common divisor of 25 and p?
5
Let f = -65 - -125. Let p = 7 + -7. Let b be (2 - p) + 20 + 2. What is the highest common factor of f and b?
12
Suppose -25 = -5*z + 5*s, -z + 161*s - 164*s = 7. Suppose -2*v - 1 = -3. Let p be (-328)/(-6) - (z/(-6) + v). Calculate the greatest common factor of p and 18.
18
Let f = 156046 + -155994. Suppose 0 = h - 5*h + 208. What is the greatest common factor of f and h?
52
Let a be (-1099)/(-471) - 34703/(-3). Calculate the greatest common factor of 260 and a.
130
Let n = 11729 + -9570. What is the greatest common divisor of 85 and n?
17
Suppose -95 - 125 = -11*b. Suppose s + 4*s = b. Suppose 66 = 5*h - 2*o + 11, -s*o + 20 = 0. Calculate the greatest common divisor of 52 and h.
13
Let u = -33511 - -33590. What is the highest common divisor of 3 and u?
1
Suppose -5*b + 1915 = -5*n, -b - 67 + 470 = -5*n. Let d(x) = 28*x**3 + 3*x**2 - 6*x + 3. Let v be d(1). Calculate the highest common factor of v and b.
14
Let r = 51 + -31. Let g be (18/6 - -22) + -4*1. Let q be (-6)/g + 636/21. What is the greatest common divisor of q and r?
10
Suppose 5*h = 5*s - 13527 - 14548, -3*s + 16853 = 5*h. Calculate the highest common factor of 18 and s.
18
Suppose 423*y + 76320 = 432*y. Calculate the greatest common divisor of y and 320.
160
Suppose -12*p + 18*p = 348. Suppose -140 = -4*i + 3*j - 46, -2*i - 4*j = -p. What is the highest common divisor of i and 10?
5
Let r be (-680)/(-35) - 3/7. Suppose -2*l + 4*s + 30 = 0, -2*s = 5*l + 2*s - r. Suppose 15 = 2*t - l. Calculate the highest common divisor of 11 and t.
11
Suppose 4*v + 18*o - 2972 = 20*o, 5*v - 3688 = -2*o. What is the highest common factor of 518 and v?
74
Suppose -z + x = -5*z + 264, z - 66 = 2*x. Let v be 1 + (17 - 12/(-3)). Calculate the highest common divisor of z and v.
22
Suppose -22*k = -20*k - 2*u - 42, k - 4*u = 18. Let a(i) = 31*i - 12. Let c be a(5). Calculate the highest common divisor of c and k.
11
Let n be (338 - -1) + (-17)/68*24. What is the highest common factor of 3071 and n?
37
Suppose 87 = 3*n - 2*c, c = 7*n - 4*n - 81. What is the greatest common factor of n and 3275?
25
Suppose 5*k + u + 508 = 2471, -4*k = 2*u - 1574. Calculate the greatest common divisor of k and 224.
56
Suppose -3*g = 4*u - 53, -8*g + 3*g + 37 = 2*u. Suppose 26 = -3*v - 7. Let l be (3 - 8)/(1/v). Calculate the highest common divisor of l and u.
11
Suppose 2*r - 5 - 3 = 0. Suppose r*k - 33 = -9. Let a = 496 - 466. What is the greatest common factor of a and k?
6
Let c(y) = 6*y + 309*y**3 - 308*y**3 + 0*y**2 + 2*y**2. Let g be c(3). Let p = 7 + 2. What is the greatest common divisor of p and g?
9
Let m = 102 - 168. Suppose -3*h - 198 = -3*z, -5*h - 360 = 6*z - z. Let a = m - h. Calculate the greatest common factor of a and 24.
3
Suppose -3*p = -9, 3*p + 220 = 4*u - 23. Suppose -2*o + 0*r - 5*r = -34, 3*o - 93 = 3*r. Calculate the greatest common divisor of o and u.
9
Let v(c) = 2*c**2 - 24*c - 12. Suppose 34 = -3*s + 4. Let i be v(s). Let q = i + -232. What is the highest common factor of q and 28?
28
Let z = 740 + -1331. Let n = 603 + z. What is the highest common factor of n and 8?
4
Let y(b) = -b**3 + 41*b**2 + 45*b - 84. Suppose 19*w = 447 + 351. Let g be y(w). What is the highest common factor of 1092 and g?
42
Let i = -2320 - -2337. What is the highest common factor of i and 1377?
17
Let w be 6 - (-2 - 5 - -4). Let r be (w - 72/9)*(-1 - -11). Let l = 34 - r. What is the greatest common divisor of l and 132?
12
Let j = -66 - -74. Let f be -2*(-197)/j + 60/80. Suppose -2*n - 300 = -6*n. What is the highest common factor of n and f?
25
Suppose -3*r + 4*s + 19 = -15, 3*r - 22 = s. Suppose -87 - 57 = -r*h. Let q be 3 - 1 - (-19 + -3). What is the highest common divisor of q and h?
24
Let r = 161 + -158. Let k be ((-750)/(-4))/((12/8)/r). What is the highest common divisor of 15 and k?
15
Let u(c) = 32*c - 71. Let p be 280/42*(-6)/(-5). Let x be u(p). What is the greatest common divisor of x and 74?
37
Let b = -4477 + 4560. What is the greatest common divisor of 8632 and b?
83
Suppose 6*o + 2*o = 24. Suppose 0 = -o*d + 9*d - 78. Let l be 70/8 - d/(-52). What is the highest common factor of 1 and l?
1
Let v = -229 + 252. Suppose -2*k + 3*h - h = -16, -4*h = -3*k + v. Calculate the greatest common factor of 117 and k.
9
Suppose -192 = -5*z + 378. Let t be ((-77)/(-385))/(1/95). What is the greatest common divisor of t and z?
19
Suppose -5*l + 68 = m - 10*l, -4*m - l = -167. Calculate the highest common divisor of m and 43.
43
Suppose 3*k = -5*i + 957 - 860, -84 = -4*i - 4*k. What is the greatest common factor of 6103 and i?
17
Let b be ((-12)/(-30))/(((-1)/15)/(-1)). Suppose -740 = -b*d + 1186. Suppose -3*y + 102 = -d. What is the greatest common divisor of y and 47?
47
Let b be (-6 + 2 - -56)*1/(-2). Let q = 38 + b. Let x be (10 - q)*3/((-12)/14). What is the highest common divisor of x and 35?
7
Suppose 4 = 2*h, -u + 41*h - 39*h = -54. Calculate the greatest common divisor of u and 14848.
58
Suppose 57*w + 32 = 203. Suppose -3*k - 60 = -3*l, 2*k - 20 = 2*l - w*l. What is the highest common divisor of 1220 and l?
20
Let l(a) = -32*a - 110*a**2 - 15 + 35*a**2 + 38*a**2 + 36*a**2. Let c be l(-29). Let s = 36 - 18. What is the greatest common divisor of c and s?
18
Let k = 659 - 65. Calculate the greatest common factor of 54 and k.
54
Suppose 6*u - 125 = 169. Suppose -5*s = -4*w - 510, 4*w = -5*s - u + 559. Suppose 33*d = 27*d + s. What is the highest common factor of 187 and d?
17
Let z(u) = -u**3 + 11*u**2 - 13*u - 5. Let j be z(10). Let s = -32 - j. Let o = 58 + -31. Calculate the greatest common divisor of s and o.
3
Suppose 0 = 9*a - 6 - 12. Let z be 2*a*3/(-12). Let t be -21*(z + 0)/1. Calculate the greatest common factor of 189 and t.
21
Let i be (127 - -101)/(3/16). What is the greatest common factor of i and 40?
8
Suppose 1088*i = 114*i + 153892. Calculate the greatest common factor of 13667 and i.
79
Let p(d) = -3*d + 20. Let b = 94 + -86. Let x be p(b). Let k be (-966)/(-28) + (-6)/x. What is the highest common divisor of k and 45?
9
Suppose 3*o = -44*w + 49*w + 647, -876 = -4*o + 4*w. Calculate the highest common factor of o and 9536.
32
Let i = -188 + 321. Let p = 165 - i. What is the highest common factor of p and 176?
16
Suppose 0 = 3*b - 15, 4*q = 4*b + 57 + 4255. Calculate the greatest common divisor of 114 and q.
57
Let p = 10 + 10. Suppose 5*r = -10*r + 959 - 59. What is the greatest common divisor of p and r?
20
Let o = 87 - 80. Let v = 4 + 1. Suppose 0 = v*j - 2*j - x - 85, -x + 55 = 2*j. Calculate the greatest common factor of j and o.
7
Let p = -805 + 813. Suppose 0 = -5*l - 8*f + 3*f + 475, 4*f + 220 = 2*l. What is the greatest common divisor of l and p?
4
Suppose -6*s - 53 = -95. Let g(f) = -f**3 + 9*f**2 + 11*f + 45. Let w be g(s). Calculate the greatest common factor of w and 40.
20
Suppose 0*k + k - 2 = -j, 3*j = -12. Let i be -1*(-7)/(21/9). Calculate the highest common factor of i and k.
3
Let w be (667 + 4)/(1/1). Let a be 22/(3*(8/3)/4). Calculate the greatest common factor of w and a.
11
Suppose -50*h - 32*h = -105*h + 135010. What is the highest common divisor of 10 and h?
10
Let t(v) = 2*v**3 - 2*v**2 + 2*v + 4. Let l be t(0). Suppose -l + 70 = 6*b. What is the highest common divisor of b and 473?
11
Suppose 0 = -s - 13*s + 294. Suppose -51 + 513 = s*f. What is the greatest common divisor of 77 and f?
11
Suppose -5*w + 4*x = -17954, -18063 = -4*w - x - 3725. What is the highest common factor of 22 and w?
22
Let o = 0 + 2. Let y = -1299 - -2396. Let x = -1093 + y. What is t